 composite?
False
Let p(z) = -z**2 - 4*z + 2. Let w be p(-3). Suppose w*l - 222 = 2*m, m = -3*m + 16. Is l composite?
True
Let l(c) = -3*c**3 + 3*c**2 + 7*c + 5. Let x(r) = -r - 9. Let n = -9 + 4. Let m be x(n). Is l(m) prime?
False
Let a = -20 + 28. Suppose -2*j - 919 = -5*v, a*j = 3*j - 10. Is v a prime number?
False
Suppose -4*b = -z + 25 + 44, -4*b = 2*z - 78. Is z a prime number?
False
Let g(t) = t**2. Let b(m) = -16*m**2 - m + 1. Let z(k) = -b(k) - 2*g(k). Let y be ((-1)/(-2))/((-3)/12). Is z(y) prime?
True
Suppose -2*p - 278 = -4*r, -6*r = -4*p - 4*r - 574. Let m = 224 + p. Is m composite?
False
Let n = -57 - -122. Is n composite?
True
Is ((-20)/(-8) - 5)/((-2)/164) a prime number?
False
Let a be 10/(-6) - 8/(-12). Let t(p) = 8*p**3 - 2*p**2 - 2*p - 1. Let c be t(a). Let l(y) = y**2 + 4*y + 8. Is l(c) composite?
False
Suppose 0 = -30*l + 31*l - 127. Is l a prime number?
True
Is 34665/135 - (-4)/18 prime?
True
Let s = -8 - -14. Let k = s - -1. Is k composite?
False
Suppose 0 = 2*i - 4*i + 4. Is 112 - (-2)/(0 + i) prime?
True
Let u = 3487 + 1546. Is u a prime number?
False
Let a(p) = 173*p**2 + p - 13. Is a(4) a prime number?
False
Suppose 371 = 4*f + 103. Is f a prime number?
True
Suppose 8*m - 2*m = 1506. Is m a prime number?
True
Let n(q) = 21*q**3 + 4*q**2 - 9. Is n(4) a composite number?
False
Let l(c) = c**2 + 2*c - 3. Let f be l(-4). Suppose 2*x - 6*x - f*h = -452, -4*h = 3*x - 339. Is x prime?
True
Suppose -3*z + 3*j = 87, -4*z - j - 84 = 57. Let q = 57 + z. Is q prime?
True
Let s(o) = -2*o**2 + 2 + o + 0*o - 4 + 10*o**3. Is s(3) prime?
False
Let o = -199 + 362. Is o a prime number?
True
Let j = 4 + -4. Suppose j*u + 4*u - 44 = 0. Is u a composite number?
False
Let p be (-4)/14 - (-325)/35. Let l(z) = z**3 - 9*z**2 + 11*z + 5. Let q be l(p). Suppose -2*a = 3*i - q, -7 - 1 = -2*i. Is a prime?
False
Suppose -4*n - 11 - 5 = 0. Let s = n - -6. Suppose -3*q + c = -44, 5*c = 2*q + s*c - 27. Is q a prime number?
False
Suppose -4*s = 3*g - 8, -1 = -s - 3*g + 1. Suppose s*x + 89 = 3*x. Is x composite?
False
Let m = 154 - 48. Suppose -5*t = -m + 6. Let p = 35 - t. Is p a composite number?
True
Is 1/((-1)/(-1)) + 110 a composite number?
True
Let c(q) = 32*q**2. Let n = -1 + 2. Let r be c(n). Suppose 2*z + 2*i - r = 0, 0*z + 5*z = -i + 68. Is z a prime number?
True
Let p be 59/(0 - (-1)/2). Suppose 3*t + t = 2*n + p, 3*n + 9 = 0. Suppose m - 4*c - 11 - t = 0, 97 = 3*m - 2*c. Is m a prime number?
True
Let g = 5 + -2. Let w(h) = 0 - 2 + 35*h - 6*h. Is w(g) composite?
True
Suppose -3*t + 989 = n - 0*n, 650 = 2*t + 3*n. Is t a composite number?
False
Suppose 4*a - 910 = j - 3241, 3*a + 11587 = 5*j. Is j composite?
True
Let s = 6 + -9. Suppose -3*t + 4*t - 8 = -5*p, 2*p = -3*t + 11. Is (-2 + p)/(s/33) prime?
True
Let x be (2 - -7) + 0 + -1. Suppose 3*m + x = m + 5*n, n + 1 = 3*m. Is m*2 - (-5 + -4) a composite number?
False
Let h = 6 + -5. Let i = h + 1. Is ((-142)/(-1))/(0 + i) a prime number?
True
Suppose -4*t = t - g - 369, -5*t - 2*g + 372 = 0. Is t a composite number?
True
Let r(u) = -u - 5. Let a be r(-5). Suppose -5*q = -3*g + 59, 5*g - 77 = -a*q + 3*q. Let x = g + -6. Is x a composite number?
False
Suppose -2*f + 7 = -7. Let t = 18 + f. Is t prime?
False
Is 207/18*(-1 + 7) a prime number?
False
Is (-25)/(-10)*(-1858)/(-5) a composite number?
False
Suppose 88 = -0*a - a. Suppose 4*f = -4*s - 24, -5*s - 2*f = 34 + 5. Let r = s - a. Is r composite?
False
Suppose 3*i = i + 4. Let s(m) = 0*m**3 - 4*m**2 - m - 7 - 4*m**3 + 3*m**3 + i*m**3. Is s(6) a composite number?
False
Let x(h) = 13*h**2 - 5*h + 3. Is x(5) a prime number?
False
Let g(z) = -z**2 - 2*z + 1. Let m be g(-3). Let t = 2 - m. Suppose c = -5*s - 1, t*c + s = -c + 67. Is c a prime number?
False
Is -4 + 374*(-3)/(-2) a composite number?
False
Suppose 82 = 4*b - 118. Let q = -109 - -208. Let o = q - b. Is o a prime number?
False
Suppose -l + 165 = -26. Is l a composite number?
False
Suppose 0 = 2*y + a - 7, a - 2 + 0 = 3*y. Is y/3 - (-256)/6 a composite number?
False
Let c(r) = 4*r - 1. Suppose 5*m - 4 = 1. Let l be c(m). Suppose -l*o = -8*o + 10. Is o a prime number?
True
Suppose -6 = -3*m - 0. Suppose q - 147 = -m*q. Is q a prime number?
False
Let y(u) = u**2 - 1. Let s(c) = -c + 6*c**2 - 2*c + 4*c - 3. Let x(o) = s(o) - 4*y(o). Is x(-1) composite?
False
Let o(j) be the first derivative of j**7/840 - j**6/60 + 7*j**5/120 - 7*j**4/24 - j**3 + 1. Let w(q) be the third derivative of o(q). Is w(5) prime?
True
Suppose -5*f + 4*j - 10 = -57, -j = f - 4. Is f prime?
True
Let a(y) = -y**2 - 10*y - 11. Let v be a(-8). Suppose -3*o = -8*o - v, 3*h - 101 = -4*o. Is h a composite number?
True
Let v = -4 - -1. Let d = -4 - v. Is 0 - 1*15*d composite?
True
Let i = -79 - -257. Suppose -3*k - 2*d = -3*d - 134, -4*k = -d - i. Let r = k - 7. Is r a prime number?
True
Let k = 2 + -2. Let h be 1 - ((-3)/(-1) - k). Is 1 + -1 - 110/h a prime number?
False
Suppose -v = -3*p + 63, -p = 3*p + v - 84. Is p prime?
False
Suppose -2*s - 4 = 2*m, -3*m + 3 - 11 = 4*s. Suppose l - 5*d - 14 = m, 0*d = 3*l + d - 106. Is l a composite number?
True
Suppose 3*v - 2*k = -82, 2*v = k + 1 - 55. Let m = v - -51. Is m a composite number?
True
Suppose 0 = 5*o - 68 - 527. Suppose 3*g = 4*l + 65 + 254, 0 = g + 5*l - o. Is g a prime number?
True
Let z(y) = 25*y**2 + y - 1. Suppose 3*u + 5*x = 23, u + 0*u + 19 = 5*x. Let v be z(u). Let f = -10 + v. Is f composite?
True
Let v(n) = -n**3 - 5*n**2 - 9*n - 4. Let t be v(-6). Suppose -278 = -4*p + t. Is p composite?
True
Let r(l) = 2*l**3 - 4*l**2 + 5*l - 5. Is r(4) composite?
False
Let h = 814 + -504. Let g = h + -197. Is g composite?
False
Suppose -2*w + 0 = 2*u + 2, 5*u - 3*w = 3. Suppose 2*n - 4*n + 79 = j, u = 5*n - 5. Is j a prime number?
False
Let x be 525 + 2/(-4)*0. Suppose -v - 4*v = x. Is (v + -1)/(1 + -3) prime?
True
Suppose -10 = -4*x - 18. Is (-1899)/(-6)*x/(-3) composite?
False
Let y(b) = -b**3 - 2*b**2 + 2*b + 3. Let d be y(-3). Is ((-37)/2)/(d/(-12)) a composite number?
False
Let j = -5 - -7. Suppose 0 = 2*s + j*s - 580. Let z = s - 102. Is z prime?
True
Let b = 22907 + -15838. Is b prime?
True
Let x be 1/(0 + 1) + -3. Let i(h) = 2*h + 4 + h**2 - 2 + 0. Is i(x) composite?
False
Let z = -146 + -12. Let r = -107 - z. Is r a prime number?
False
Let j = 23 - 15. Suppose 2*v = 5*i + 33, -2*v + j + 10 = -2*i. Is 39/2 + v/(-8) composite?
False
Suppose -4*d - 212 = -0*d. Let q = d - -75. Is q prime?
False
Let s(m) = 0*m + 6*m + 2*m**2 - 7*m - 13. Is s(-9) composite?
True
Suppose 3*p = 2*p - 5*f - 7, 0 = 3*f. Is (-62 + 0)*p/2 a composite number?
True
Suppose -79 - 474 = -7*g. Is g a composite number?
False
Suppose -3*m = 11 + 37. Let d be 2/(-7) + m/(-7). Suppose -5*j = 3*p - 3, 0 = 3*j + 3*p + 5 - d. Is j composite?
False
Let p(l) be the second derivative of 5*l**4/3 + l**3/3 + 3*l**2/2 + 4*l. Is p(4) composite?
False
Let b(x) = -46*x**3 + x**2 + 4. Let u(l) = -93*l**3 + l**2 + 7. Let s(h) = 5*b(h) - 3*u(h). Let d be s(1). Suppose k + d = 6*k. Is k a composite number?
True
Let d = -47 - -82. Let k = d + -16. Is 1 + k + -1 + 2 a prime number?
False
Suppose -2743 = -4*t + 2701. Is t composite?
False
Let t(j) be the first derivative of -j**3/3 + 4*j**2 + 8*j + 2. Let v = 1 - -6. Is t(v) a composite number?
True
Let u = 5 - 2. Suppose 0*a = u*a - 159. Is a composite?
False
Let h = -1 - -9. Let n be 1612/h - (-2)/4. Suppose 2*k = n - 24. Is k a prime number?
True
Is 3/5 + 3562/5 composite?
True
Let h(b) = 2*b - 3*b + 0 + 37*b**3 + 1. Is h(1) a prime number?
True
Let j = -428 + 232. Let l = 67 - j. Is l prime?
True
Let x = 405 - 154. Is x prime?
True
Let p be 1/(-4) - 177/(-4). Suppose 0 = 5*d - 121 - p. Is d a composite number?
True
Let k = 4 + 1. Suppose -p = -k*p + 248. Is p composite?
True
Suppose 0 = 5*v + 3*v - 16440. Suppose 4*w - 3*p + p - 1636 = 0, 5*w - 5*p = v. Is w composite?
True
Suppose -3*n = -2313 + 444. Is n prime?
False
Let n be (-4)/(-16) - 58/8. Is n/(30/33 + -1) prime?
False
Let i(m) = -m**3 + 4*m**2 + 7*m - 4. Let x be 6/9*3/1. Let o(k) = -k**3 + 4*k**2 + 8*k - 5. Let n(s) = x*i(s) - 3*o(s). Is n(6) prime?
True
Let o(j) = -j**3 + 14*j**2 - 13*j - 11. Is o(10) a prime number?
False
Suppose -2*z + 379 = u, 752 = 6*z - 2*z + 4*u. Is z prime?
True
Let k = -7 